30646 + -41?
-115530707
In base 12, what is 1316 - 3894?
-257a
In base 8, what is -3 - -50500574?
50500571
In base 14, what is 44 - -427549?
42758d
In base 10, what is 2 + -29398588?
-29398586
In base 13, what is 2616 + -24c7?
11c
In base 4, what is -2330210 - -3310?
-2320300
In base 9, what is -24487 - 4780?
-30377
In base 8, what is 4 - 115441?
-115435
In base 16, what is 8572f0 + 2?
8572f2
In base 5, what is 231432 - 34214?
142213
In base 12, what is -11997 - -13?
-11984
In base 14, what is 5 + -a06104a?
-a061045
In base 15, what is -2090682 + 5?
-209067c
In base 8, what is 173 - -7072531?
7072724
In base 14, what is -4c0 + 11dcc?
1190c
In base 6, what is 11210255 - 2143?
11204112
In base 5, what is 12223303314 + 0?
12223303314
In base 11, what is -8038 - -1472?
-6676
In base 13, what is -a058a4c8 - 0?
-a058a4c8
In base 4, what is 0 + 11310130100?
11310130100
In base 9, what is 4016 + 50472?
54488
In base 3, what is 21 - -100010201020?
100010201111
In base 11, what is -102 - -58234?
58132
In base 10, what is 82053953 - -5?
82053958
In base 12, what is 1a341b + -19?
1a3402
In base 8, what is 22 - 2116215?
-2116173
In base 2, what is 1001010011000101011011 - 100000100?
1001010011000001010111
In base 8, what is -7176614 + -1?
-7176615
In base 9, what is 243 - 2335413?
-2335160
In base 4, what is 1100002120300 + -10?
1100002120230
In base 14, what is -20d - 883d3?
-88602
In base 6, what is 11022404300 + 3?
11022404303
In base 5, what is 1 + 1133413113?
1133413114
In base 6, what is -4220 - 1121340?
-1130000
In base 14, what is -19dd21 + -18?
-19dd39
In base 14, what is 7318b80 + 4?
7318b84
In base 11, what is 15a536a6 - 59?
15a53648
In base 6, what is -2053 - 4434504?
-4441001
In base 4, what is -101 - 3010122103?
-3010122210
In base 9, what is -37541 + 4?
-37536
In base 14, what is -335 - 19a1?
-1cd6
In base 13, what is 9a0c0043 - 4?
9a0c003c
In base 4, what is -221100320320 + 0?
-221100320320
In base 8, what is -150203300 - 0?
-150203300
In base 8, what is 3605 + 2360?
6165
In base 3, what is -202 + -201210102010120?
-201210102011022
In base 7, what is 32665 + 102412?
135410
In base 3, what is 11 - -110122001?
110122012
In base 7, what is 413000656 - -2?
413000661
In base 6, what is 3 + -4053234225?
-4053234222
In base 14, what is 2 - -1a5519?
1a551b
In base 5, what is -1002223144 + 10?
-1002223134
In base 11, what is 4 + 180348307?
180348310
In base 11, what is -10 + 30256?
30246
In base 8, what is -20 + 164043644?
164043624
In base 6, what is -1400 - -4334325?
4332525
In base 11, what is 1947 - 77985?
-76039
In base 14, what is -1443cca - -2?
-1443cc8
In base 13, what is -9040c0 + 5?
-9040b8
In base 11, what is -1689 + a69?
-720
In base 2, what is 11011 + -1111000111101000?
-1111000111001101
In base 2, what is 110 - 10101111001011011001?
-10101111001011010011
In base 12, what is -51 + 613a5?
61354
In base 16, what is -256893e3 - 2?
-256893e5
In base 6, what is 0 - -15553430540?
15553430540
In base 11, what is -385 - -31707?
31332
In base 12, what is 75 - 12a4522?
-12a4469
In base 6, what is 52 + -313003345?
-313003253
In base 4, what is -13 + 1012133200213?
1012133200200
In base 14, what is -86486 + 8d?
-863d7
In base 7, what is 4554654 - -3?
4554660
In base 16, what is 72 - 6063cf?
-60635d
In base 13, what is 57532a + 87?
5753b4
In base 2, what is -1000000010100111111011001 - -11011?
-1000000010100111110111110
In base 12, what is -b - 1b85913?
-1b85922
In base 2, what is 10011001101111110101101011 + 1?
10011001101111110101101100
In base 4, what is 22233 + -10301301?
-10213002
In base 16, what is -2 - -48ad68?
48ad66
In base 16, what is 1808e + 49?
180d7
In base 4, what is -33011212131132 - 2?
-33011212131200
In base 8, what is -145 + -106730?
-107075
In base 2, what is 100010101011110010 + -101100000?
100010100110010010
In base 7, what is -23510 - -24533?
1023
In base 14, what is -2d8 + -115b?
-1455
In base 5, what is 1 - 131011022?
-131011021
In base 8, what is -34 - -277022?
276766
In base 10, what is -28 + -331133?
-331161
In base 11, what is -208 - -a4a43?
a4836
In base 4, what is 132301310 - -1013?
132302323
In base 7, what is 5 + -111614034?
-111614026
In base 15, what is -18 - 1d7d41?
-1d7d59
In base 16, what is -1e3b + 279?
-1bc2
In base 16, what is -1c931 + f2?
-1c83f
In base 11, what is 23054 + -130?
22a24
In base 8, what is -2052123 - 37?
-2052162
In base 4, what is -1103131 - 2032032?
-3201223
In base 4, what is -231100 + 332320?
101220
In base 11, what is 1307a4a6 + -4?
1307a4a2
In base 16, what is a - -4ab4fe?
4ab508
In base 15, what is -3579b + 40?
-3575b
In base 15, what is 19 - -8ccc03?
8ccc1c
In base 4, what is 23132230012 - -2?
23132230020
In base 7, what is -4 - 5301151?
-5301155
In base 6, what is -1035532005 + 4?
-1035532001
In base 12, what is 3212504 - -30?
3212534
In base 12, what is -42334b3 + -5?
-42334b8
In base 4, what is 1233301203100 - 11?
1233301203023
In base 12, what is -1 - -1b58a5?
1b58a4
In base 7, what is -2 - -1063365504?
1063365502
In base 13, what is -4 + -7ac987?
-7ac98b
In base 12, what is -225a2 + -543?
-22b25
In base 13, what is 53015b2 - 5?
53015aa
In base 12, what is -67 + 1134307?
1134260
In base 16, what is -1f2 + 1dccd?
1dadb
In base 9, what is 33287 + -32332?
855
In base 7, what is 321 + -466054?
-465433
In base 14, what is -2c993 - 801?
-2d394
In base 11, what is -652 + -3533?
-4085
In base 15, what is ad7 - -569?
1151
In base 12, what is -145 + 16289?
16144
In base 11, what is -2491438 - 6?
-2491443
In base 8, what is 1545 - -3646?
5413
In base 9, what is -30 + 14231167?
14231137
In base 8, what is 1630417 + 45?
1630464
In base 11, what is 373a60 + -44?
373a17
In base 5, what is 2014041212 - 1?
2014041211
In base 4, what is -12330002 + 2300123?
-10023213
In base 12, what is 14561 + 2098?
16639
In base 12, what is -95 + -17b3?
-1888
In base 12, what is 648b6 + 5b?
64955
In base 13, what is 12 - -5910a1?
5910b3
In base 8, what is 445744 - 74?
445650
In base 2, what is 0 + 1011000101101101000010?
1011000101101101000010
In base 12, what is -1a1734 + 16?
-1a171a
In base 2, what is -1111110110010110100 + -1001001001?
-1111110111011111101
In base 10, what is -1 + -1247751?
-1247752
In base 16, what is 1 + -6b5f6c?
-6b5f6b
In base 16, what is 513 - -986?
e99
In base 13, what is -31 + 1793c4?
179393
In base 16, what is -2dcf6404 - 4?
-2dcf6408
In base 14, what is 12c71 + 1a84?
14915
In base 16, what is 28212 + 2b?
2823d
In base 10, what is 41 + -590260?
-590219
In base 7, what is -13006323026 + 4?
-13006323022
In base 13, what is -aa2b + -148?
-ab76
In base 14, what is 6b341 - 746?
6a9d9
In base 5, what is -1203211 - 1122?
-1204333
In base 16, what is -4e6a - -d95?
-40d5
In base 10, what is -708 + -33257?
-33965
In base 5, what is -1130 + -4001403?
-4003033
In base 8, what is -371 - 2401410?
-2402001
In base 3, what is -11 - 11010110221120112?
-11010110221120200
In base 5, what is 12103121440 - 23?
12103121412
In base 16, what is -de2b65 - e?
-de2b73
In base 9, what is -81 + -301851?
-302042
In base 8, what is -10 + 206532341?
206532331
In base 4, what is 13113113122 + 11?
13113113133
In base 9, what is 4 + 5284357?
5284362
In base 9, what is 818825 - 21?
818804
In base 9, what is -537564 + 10?
-537554
In base 5, what is -12 - -230110032304?
230110032242
In base 14, what is 14d745c + 9?
14d7467
In base 12, what is -140a5aa + -4?
-140a5b2
In base 2, what is 11110011000 + -100010010100111?
-11110100001111
In base 16, what is 43fd2e - -7c?
43fdaa
In base 16, what is -154c + -32e8?
-4834
In base 4, what is -233 - -212210122321?
212210122022
In base 13, what is 28889 + 2205?
2aa91
In base 5, what is 1431303122 - 10?
1431303112
In base 2, what is 1000001111001 + -11110101?
111110000100
In base 5, what is -2214414334 - -1?
-2214414333
In base 16, what is d125 - -14a?
d26f
In base 13, what is 215404a5 - 2?
215404a3
In base 2, what is 101011001010010111001000 - 1010?
101011001010010110111110
In base 11, what is 57786a5 - -2?
57786a7
In base 16, what is 0 + 252606c?
252606c
In base 15, what is -3 - -61247b?
612478
In base 13, what is 24559 - -329?
24885
In base 13, what is -3 - 248a2?
-248a5
In base 3, what is 1001 + 2012011000011210?
2012011000012211
In base 9, what is -2 - -2781362?
2781360
In base 